83 a prime number?
False
Is 249490627 prime?
False
Is 779843563 prime?
False
Is 3777998249 a composite number?
False
Is 206261351 a composite number?
False
Is 1542444803 a composite number?
False
Is 1148350741 prime?
True
Is 1268434711 prime?
True
Is 572772199 a composite number?
True
Is 24734183179 a composite number?
False
Is 744096251 composite?
True
Is 145973725789 prime?
True
Is 7815777367 a composite number?
True
Is 8565837043 composite?
True
Is 45609593 prime?
True
Is 846615547 a prime number?
False
Is 28539308747 prime?
True
Is 1928010661 a composite number?
False
Is 20516232481 a prime number?
False
Is 577811323 a prime number?
False
Is 36581900151 a prime number?
False
Is 49249150429 a prime number?
True
Is 840828683 a prime number?
True
Is 1403471163 prime?
False
Is 12358246195 a composite number?
True
Is 400385371 prime?
False
Is 72187559 prime?
False
Is 34157751853 composite?
True
Is 782948669 a composite number?
True
Is 1972271173 a prime number?
True
Is 2535375949 a prime number?
True
Is 26889084239 a composite number?
False
Is 23971093127 prime?
True
Is 7952462437 prime?
True
Is 6401309507 composite?
False
Is 102159501619 prime?
False
Is 139502827 a composite number?
True
Is 132659411 composite?
False
Is 10293362999 prime?
True
Is 11337002713 prime?
True
Is 31899967741 a composite number?
False
Is 5182002361 prime?
False
Is 4002180571 a prime number?
False
Is 67519876363 prime?
False
Is 145924937 a prime number?
True
Is 4070056813 composite?
False
Is 872839337 a composite number?
False
Is 6391319041 composite?
True
Is 30326858567 a composite number?
True
Is 73823394859 composite?
True
Is 95415161 composite?
True
Is 28816005109 prime?
False
Is 8544124577 a prime number?
True
Is 45993524909 composite?
False
Is 3134280595 composite?
True
Is 1989245047 a prime number?
False
Is 284107337 composite?
True
Is 2561515601 composite?
False
Is 650990897 composite?
False
Is 102409037279 prime?
False
Is 16733540039 a composite number?
False
Is 202440859 composite?
True
Is 1326321781 a composite number?
True
Is 4319181527 a composite number?
True
Is 5611564283 prime?
False
Is 64777143047 a composite number?
False
Is 206302721 a composite number?
False
Is 686626229 composite?
False
Is 143907227201 composite?
False
Is 638616437 a prime number?
True
Is 21883123 prime?
False
Is 396952418 a prime number?
False
Is 1129123967 a prime number?
True
Is 5158894393 a composite number?
True
Is 4559015371 a prime number?
True
Is 57888063203 a composite number?
True
Is 7255602253 a composite number?
False
Is 13385938187 a composite number?
False
Is 2464225997 a composite number?
False
Is 206158404787 a prime number?
False
Is 1871272489 prime?
True
Is 444089823 a prime number?
False
Is 9246594197 composite?
False
Is 30751707185 a prime number?
False
Is 694935391 a prime number?
False
Is 122441699 a prime number?
True
Is 5657983117 composite?
True
Is 356282711 composite?
False
Is 14803417129 composite?
False
Is 1517037649 a composite number?
False
Is 406063199 a prime number?
True
Is 31112696837 composite?
False
Is 1160173331 composite?
False
Is 576569803 a composite number?
True
Is 331019101 a prime number?
False
Is 158048953 composite?
False
Is 317882317777 a composite number?
False
Is 2324304967 a prime number?
True
Is 412317197 a composite number?
True
Is 3220743787 composite?
True
Is 87178038329 prime?
True
Is 99336361 a composite number?
False
Is 1277771107 a composite number?
False
Is 9913672003 a composite number?
False
Is 5633775293 prime?
True
Is 35832615359 prime?
True
Is 14751891331 a composite number?
True
Is 22627812941 a composite number?
True
Is 2407618819 a prime number?
True
Is 5695375463 a composite number?
False
Is 176228321 a composite number?
False
Is 43998663703 a composite number?
True
Is 30510498877 a composite number?
False
Is 248599567 a composite number?
True
Is 2500438021 prime?
False
Is 12225807973 a composite number?
True
Is 391209383 composite?
True
Is 449894057 a composite number?
True
Is 2193815977 composite?
False
Is 54995884399 prime?
True
Is 865031759 a composite number?
True
Is 479905939 a prime number?
True
Is 46370868395 a composite number?
True
Is 30878418169 prime?
True
Is 3408314501 composite?
True
Is 8058396719 prime?
True
Is 21278283241 a prime number?
True
Is 1220354489 prime?
False
Is 1538605877 composite?
False
Is 170584361 a composite number?
False
Is 215016377 a composite number?
True
Is 382942061 a composite number?
False
Is 547137991 composite?
False
Is 122414739677 a prime number?
False
Is 386284733 composite?
True
Is 9925379 composite?
False
Is 28871742937 prime?
True
Is 723997319 a composite number?
True
Is 2072204917 prime?
False
Is 15972083263 a prime number?
False
Is 36306826379 composite?
False
Is 6994589977 prime?
False
Is 524853347 composite?
False
Is 2936345759 a composite number?
False
Is 18518971 composite?
True
Is 521065307 composite?
True
Is 7829729819 composite?
False
Is 2396983403 a prime number?
True
Is 275711651 composite?
True
Is 1828134017 composite?
False
Is 1284631171 a prime number?
False
Is 198213497 a prime number?
False
Is 6992216603 a prime number?
False
Is 1051314013 composite?
True
Is 521116447 composite?
False
Is 54363657697 prime?
True
Is 281182631 a composite number?
True
Is 12122690587 composite?
True
Is 18178871 a composite number?
True
Is 4258076861 prime?
False
Is 5379545167 prime?
False
Is 324491333509 a prime number?
False
Is 331126507 prime?
False
Is 2963902763 a composite number?
True
Is 26427536669 composite?
True
Is 109026719 prime?
True
Is 811733621 composite?
True
Is 1296636503 a prime number?
False
Is 40633487 composite?
False
Is 17866128253 composite?
False
Is 645829243 composite?
False
Is 2557916681 a composite number?
False
Is 38290296283 a composite number?
False
Is 41714468891 prime?
False
Is 60052958261 composite?
False
Is 60969707 composite?
False
Is 544249843 prime?
True
Is 78032396069 composite?
True
Is 4380954521 a composite number?
False
Is 64623194897 prime?
True
Is 6581382077 composite?
False
Is 53313861407 a prime number?
False
Is 892024537 prime?
True
Is 5107791407 composite?
False
Is 149356530359 a composite number?
False
Is 20562633061 a composite number?
True
Is 238177361 a composite number?
True
Is 6519586231 composite?
True
Is 1225408997 prime?
False
Is 13111056623 a prime number?
False
Is 132005047 prime?
True
Is 5907151597 prime?
True
Is 381670907 a prime number?
False
Is 21743968955 a prime number?
False
Is 1073966767 a prime number?
False
Is 10973331617 composite?
True
Is 123705528983 composite?
False
Is 1296271433 composite?
False
Is 29044448957 composite?
True
Is 440622239 a prime number?
True
Is 899709897 prime?
False
Is 4399700269 composite?
True
Is 9976056767 prime?
True
Is 156316361 a prime number?
False
Is 152088743 composite?
False
Is 1781973457 composite?
True
Is 70816010257 composite?
True
Is 1430054261 a composite number?
False
Is 825520481 prime?
False
Is 2264123739 a composite number?
True
Is 712539013 a composite number?
False
Is 4873471103 a prime number?
True
Is 32139685471 a composite number?
True
Is 53701548767 prime?
False
Is 11070537943 a composite number?
True
Is 11938703891 composite?
False
Is 13030148533 prime?
False
Is 1806593907 a composite number?
True
Is 191807052079 a prime number?
False
Is 2713997983 a prime number?
True
Is 2980974833 a composite number?
True
Is 564112403 a prime number?
True
Is 13139458523 a composite number?
True
Is 9586222427 prime?
True
Is 100249675619 composite?
False
Is 195017867 a prime number?
False
Is 3023413097 a composite number?
True
Is 112835123 prime?
True
Is 1808233883 prime?
False
Is 3246967021 a prime number?
False
Is 4718312699 a prime number?
True
Is 28076275135 composite?
True
Is 14874733 a composite number?
False
Is 7456750519 a composite number?
False
Is 1363573073 prime?
True
Is 21329537 a composite number?
True
Is 21647810077 a composite number?
False
Is 105078901259 prime?
False
Is 51712249363 a composite number?
True
Is 3731697007 a composite number?
True
Is 31345982947 composite?
True
Is 3158199623 composite?
True
Is 11583276503 prime?
True
Is 386357009 prime?
False
Is 62982551 a composite number?
False
Is 24910220927 prime?
False
Is 3086546867 prime?
False
Is 300